 (4/(4/95))/1 is divided by x?
20
Suppose 288 = -19*d + 23*d. Suppose 0 = 2*o - 4 - 4, 4*o - d = -4*x. Calculate the remainder when 683 is divided by x.
11
Suppose 3*t - 966 = -5*b, -203*t - 330 = -204*t + b. What is the remainder when t is divided by 160?
7
Let l = -3780 - -3897. Calculate the remainder when l is divided by ((-41)/4)/((-5)/20).
35
Let y = 2 + -2. Suppose y = -c - c + 26. Calculate the remainder when ((-126)/99)/((-4960)/275 + 18) is divided by c.
9
Let r(w) = w**3 - 20*w**2 + 52*w - 10. Let b be r(17). Suppose z - 6*q - 30 = -b*q, 135 = 4*z - q. Calculate the remainder when z is divided by 17.
16
Let b(p) = -78*p**2 + 0*p - 3 + 109*p**2 + 4*p. Let w be b(1). Suppose 5*o - w = 43. Calculate the remainder when 54 is divided by o.
9
Suppose 29*h - 2313 = 12*h + 407. What is the remainder when 1125 is divided by h?
5
Let s = -41 + 79. Suppose 2*o = -4*k + 42, 66 + 18 = 4*o + 2*k. What is the remainder when s is divided by (32/(-14))/((-6)/o)?
6
Let o(k) = 5*k - 1. Let z be (2*24 + -2)*-1. Let j = z + 65. Calculate the remainder when o(19) is divided by j.
18
Let o(p) = p**2 + 5*p - 2. Let d be o(-8). Suppose -5*n + d = -28. Let g(x) = 43*x**2 + 187*x - 72. What is the remainder when g(-5) is divided by n?
8
Let f(h) = 9*h - 55. Let z be f(9). Suppose -158 = -z*l + 24*l. Calculate the remainder when l is divided by 6/9*30/1.
19
Suppose -180*n - 44032 = -786*n - 16762. Calculate the remainder when 196 is divided by n.
16
Suppose 0 = -4*z - 5*m + 123, 10*m + 208 = 4*z - 2*m. What is the remainder when 116 is divided by z?
5
Suppose -2*z + 666 = 2*a, -a + z + 3*z + 343 = 0. What is the remainder when a is divided by 134?
67
Let z = -25570 - -26798. What is the remainder when z is divided by 58?
10
Suppose 0 = 3*b, 3*q + q = -2*b + 152. Suppose -5*f = -158 + q. Calculate the remainder when f is divided by 13.
11
Suppose 0 = -3*i + 17 + 7. Suppose -2*v + i = -34. Calculate the remainder when v is divided by ((-18)/(-10))/(6 + 162/(-30)).
0
Let n(m) = 5*m + 9. Let t be (-4080)/(-55) + ((-72)/33 - -2). Let o = t - 63. Calculate the remainder when n(4) is divided by o.
7
Suppose b = 2*n + 466, -9*n = -13*n - 8. What is the remainder when b is divided by 107?
34
Let n be ((-3542)/21)/(2/3)*2. Let d = n - -900. Calculate the remainder when d is divided by 18.
16
Let a be 16/96 + 217/(-6). Let d(f) = f**2 + 12*f + 31. Let c be d(-13). Let h = a + c. What is the remainder when 37 is divided by h?
5
Let a(g) = g**2 - 15*g + 62. Let s(d) = -d**2 - 19*d - 5. Calculate the remainder when s(-16) is divided by a(6).
3
Suppose 2*w - 93 = -11. Suppose 0 = 218*h - 1082*h + 136512. What is the remainder when h is divided by w?
35
Let f(i) = -145*i**2 + 3*i - 2. Let a be f(2). Let m = -383 - a. What is the remainder when m is divided by 33?
28
Let h = 7057 + -6807. Calculate the remainder when h is divided by 115.
20
Suppose 272 = 65*m + 77. Calculate the remainder when 2902 is divided by m.
1
Suppose 2*s = -5*w + 13, 4*s = 4*w + 2 + 10. Suppose k - g - 7 = 15, s*k = -2*g + 82. Let d(b) = b + 35. Calculate the remainder when d(-5) is divided by k.
9
Let u(j) = -2*j + 37. Let v(i) = -i**2 + 4*i + 4. Let f be v(6). What is the remainder when u(f) is divided by 19?
15
Let x(l) = 42*l + 4. Let o(z) = 5*z**2 - z + 14. Calculate the remainder when x(2) is divided by o(2).
24
Let r(f) be the first derivative of -f**3/3 - 13*f**2/2 - 21*f - 10. Let b be r(-11). Calculate the remainder when 79 is divided by (b - -2) + (34 - (3 + -6)).
39
Let z = -647 - -1247. Suppose 32*a + z = 24*a. Let h = a + 88. What is the remainder when 75 is divided by h?
10
Suppose -2*f + 5*a + 2 = f, f - a = 2. Suppose 0 = -3*w + w - 5*k + 62, -5*w = -f*k - 188. Calculate the remainder when 175 is divided by w.
31
Let p = 14 - 34. What is the remainder when ((-9)/(-6))/(2/20) is divided by (4/2)/((-10)/p)?
3
Suppose 0 = 3*b + 115 - 19. Let t = -25 - b. Calculate the remainder when 28 is divided by t.
0
Let r(f) = -35*f + 386. Calculate the remainder when r(10) is divided by (-3)/(165/(-39) - -4).
10
Calculate the remainder when 44865 is divided by 4 + 390/(-95) + 13800/1140.
9
Suppose -5*b - 322*k + 2991 = -320*k, 4*b - 2404 = 4*k. Calculate the remainder when b is divided by 67.
63
Let j(m) = -53*m**2 - 2*m + 1305. Calculate the remainder when j(0) is divided by 1303.
2
Suppose 3*p - 243 = -3*j, 0 = -5*j + 56*p - 54*p + 412. Suppose z = 4*z - 21. What is the remainder when j is divided by z?
5
Let g(l) = -65*l**2 - 917*l - 15. Calculate the remainder when 4230 is divided by g(-14).
80
Suppose 5*y = -4*b + 40, y = -3*b - 0 - 3. Calculate the remainder when (-6 - 187/(-34))/(2/(-236)) is divided by y.
11
Let l = -438 - -246. Let p = l - -96. Calculate the remainder when (0 - -3)*p/(-18) is divided by 3.
1
Let q = -13904 - -18578. What is the remainder when q is divided by 15?
9
Let f(h) = -55*h**3 - h**2 - h - 4. Let x be f(-2). Let t = x - 418. What is the remainder when 189 is divided by t?
13
Let d(v) = 3*v + 74. Let k be d(19). Let p = 145 - k. Calculate the remainder when 22 is divided by p.
8
Let q = -6217 - -6522. What is the remainder when q is divided by 30?
5
Suppose -11*c - 86968 = -39*c. Suppose -670 = 6*g - c. Calculate the remainder when g is divided by 37.
36
Suppose 0 = -5*o + 20, 61*t - 56*t - 391 = o. What is the remainder when t is divided by 31?
17
Suppose 149 = -212*w + 217*w - 756. Calculate the remainder when 361 is divided by w.
180
Let p = 62 - 41. Suppose 3*b - z - 4*z - 347 = 0, z - 214 = -2*b. Suppose 4*k - 40 = 3*t + 127, 3*k - b = -t. What is the remainder when k is divided by p?
17
Let m be 394/4*4*1. Suppose 12*t - 15*t + m = -n, -153 = -t - 4*n. What is the remainder when t is divided by 45?
43
Suppose 78*r = y + 79*r - 18, 3*y + 4*r - 53 = 0. Calculate the remainder when 14133 is divided by y.
16
Let n = 11406 + -11367. What is the remainder when 1996 is divided by n?
7
Let p(v) = 2*v**3 - 35*v**2 - 176*v + 55. What is the remainder when p(22) is divided by 255?
29
Let c(y) = -5*y**3 + 24*y**3 - y + y**2 + 4*y**3 - y. Let a be c(1). Suppose 14*m - a*m + 160 = 0. Calculate the remainder when 50 is divided by m.
10
Suppose -43*i + 44*i = -5*q + 16, -5*i = 5*q - 40. What is the remainder when 164 is divided by q?
0
Suppose 0 = 8*p - 6*p - 8. Suppose -3*j = 5*t + 223, 3*j = p*t + 5*j + 178. Let x = 60 + t. Calculate the remainder when 126 is divided by x.
14
Let z be (0 - 3/(-15)) + (-59)/(-5). Suppose 0 = z*i - 28*i + 464. Let q = -152 + 263. Calculate the remainder when q is divided by i.
24
Suppose -2*n = -2*d - 98, 69*n + 5*d + 201 = 73*n. Calculate the remainder when 105 is divided by n.
17
Let h = 667 + -653. What is the remainder when (-12)/42 - (-3294)/14 is divided by h?
11
Let k = 15089 + -14761. Calculate the remainder when k is divided by 47.
46
Let l be -1*9*80/24. Calculate the remainder when (-6)/(-2)*((-470)/l - 7) is divided by 14.
12
Suppose 0 = t - 3*y - 271, t = 2*y - 5*y + 259. Let c = 81 + t. Calculate the remainder when c is divided by 70.
66
Let d(y) = 21*y - 23. Let t be (-75)/6*(7 + -4 + -5). Let v be t/(-5)*-2*(-2)/(-2). Calculate the remainder when d(v) is divided by 21.
19
Suppose 0 = 2*x - q - 144 - 205, -3*x + q + 522 = 0. Let p be (-1)/(-5)*-2*5. What is the remainder when x is divided by p/(-6) + 104/3?
33
Let u(w) = 18*w**3 - 33*w**3 + 14*w**3 - 16 - 27*w - 12*w**2 + 29*w**2 + 20. What is the remainder when u(15) is divided by 38?
11
Let g(v) = -52*v**2 - 1094*v - 9. What is the remainder when 3585 is divided by g(-21)?
21
Let p = 9 - -1. Let f = 116410 - 116333. Calculate the remainder when f is divided by p.
7
Let p(a) = -4*a - 32. Let y(k) = 3*k + 33. Let s(z) = 5*p(z) + 6*y(z). Let v be s(18). Calculate the remainder when (9 - v)*(-104)/(-28) is divided by 15.
11
Suppose -2*w - 16 - 4 = -4*h, -3*h = -w - 15. Let m(c) = -14*c + 193. Calculate the remainder when m(h) is divided by 21.
18
Let g(i) = -69*i - 10689. Let r(t) = -18*t - 3. What is the remainder when r(-2) is divided by g(-155)?
3
Let g = -84 + 107. Let i = 51 + 354. What is the remainder when (i/(-6))/((-3)/4) is divided by g?
21
Let a = 568 - -682. What is the remainder when a is divided by 104?
2
Suppose -30*v + 32*v + 645 = 5*p, 3*v - 620 = -5*p. Calcul